 What is the hundreds digit of l?
1
Suppose 2*a = c + 18531, -1591*a = -1587*a - 4*c - 37056. What is the thousands digit of a?
9
Let g(b) = -43*b + 699. Let m(s) = -22*s + 349. Let w(l) = -2*g(l) + 5*m(l). What is the hundreds digit of w(-45)?
4
Let n = 664 + -947. Let u = n - -437. Suppose 0 = -13*d + 314 + u. What is the tens digit of d?
3
Let k(j) = -j**3 + 11*j**2 + 3*j + 3. Let b be k(9). Suppose -b*v - 3405 = -197*v. What is the units digit of v?
1
What is the thousands digit of (2/(-3))/((-3)/23067)?
5
Let k(i) = 28*i**2 + 109*i - 9. What is the hundreds digit of k(16)?
9
Let s(g) = -7*g + 8. Let y(k) = -6*k + 13*k - 2*k + 2. Let t be y(-2). What is the units digit of s(t)?
4
Let z(u) = -5*u - 17. Suppose 20 = -32*d + 27*d. Let j be z(d). What is the tens digit of (16/24)/(-2*j/(-360))?
4
Let w be 56/(-280) + (-47111)/(-5). Suppose -15*u = -22*u + w. What is the hundreds digit of u?
3
Let f = 104 - -11. Suppose -2*u = -4*j + 14, 5*j - 3*u - u - 22 = 0. Suppose 5*x - f = j*p, -p = 4*x - 61 - 31. What is the units digit of x?
3
Let r be 3/(-12) - (4515/12)/(-1). Let y = r + -203. What is the hundreds digit of y?
1
Let f = -33 + 38. Suppose 2*o = f*o + 9. Let i(k) = 17*k**2 - 5*k - 14. What is the hundreds digit of i(o)?
1
Let g be (-55)/(-2) + (-19)/(-38). Suppose 0 = 9*k - g - 8. What is the units digit of -4 - (-4 - 104/k)?
6
Let y be (-25641)/74 + 1/2*1. What is the units digit of ((-20)/110 + y/33)*-9?
6
What is the hundreds digit of 6/(-2) - (-2 + (-20619 - (-7 + 4)))?
6
What is the ten thousands digit of 84843/66*200/15?
1
Let a(u) = u**3 - 4*u**2 + 26*u + 6. Let v be a(9). Suppose 0 = 8*z - 491 - v. What is the hundreds digit of z?
1
Let l = 232 + -61. Let c be (4 + l)*96/28. Suppose 2*d - c = -2*d - 2*j, -3*j - 750 = -5*d. What is the tens digit of d?
5
Let p be ((-48)/32)/((-6)/1528). Let r = p - 272. Suppose 35*w = 33*w + r. What is the units digit of w?
5
Suppose 4*m - 1166 = j + 10838, -m = -2*j - 2994. Let p = m - 1558. What is the tens digit of (-2)/9 - p/(-18)?
8
Let t(y) = -4*y. Let m be t(-1). Suppose -7*o - 36 - 6 = 0. What is the units digit of (471/o)/(m/(-8))?
7
Suppose 26 = 2*s - 4*s. Let p be 6/(-10) + 2/((-10)/s). Suppose 53 + 302 = 3*x - 2*i, -p*x = -i - 235. What is the hundreds digit of x?
1
Let q = 8188 + 30944. What is the ten thousands digit of q?
3
Suppose 2*h + 4*l + 874 = 0, -4*h = -3*l + 775 + 995. Let z = -247 - h. Let s = -109 + z. What is the units digit of s?
5
Let i(a) = a**3 - 8*a**2 - 11*a + 18. Let m be i(9). Suppose 5*k - 4*g + 33 + 11 = m, 0 = g + 4. What is the units digit of (204/(k/(-3)))/1 - -1?
2
Let z = 37538 + 21961. What is the units digit of z?
9
What is the units digit of ((-24)/(-12))/2*524?
4
Suppose 3563964 = 183*p + 81*p - 598788. What is the tens digit of p?
6
What is the units digit of 135/(-20) + 4 - -3 - (-1609520)/64?
9
Let k be ((-1)/3)/((-6)/(-54)). Let z be (k - -46)*(-4 - 6/(-2)). Let q = z + 196. What is the units digit of q?
3
Let h(a) = 4*a - 7. Let l(w) = -7*w + 15. Let o(r) = 5*h(r) + 3*l(r). Let s be o(-4). Suppose s*b - 1305 = 5*b. What is the hundreds digit of b?
1
Suppose -3*m - 23067 = -2*o, m + 20266 = 11*o - 106525. What is the ten thousands digit of o?
1
Let x = -30 - -14. What is the tens digit of x/72 - 4299/54*-2?
5
Let f = 1256 - -3614. What is the tens digit of f?
7
Let w(s) = -76*s**3 + 6*s**2 + 6*s + 5. Suppose 0 = 11*u - 14*u - 4*f - 18, -17 = u + 5*f. What is the tens digit of w(u)?
2
Suppose -5780 = -765*f + 761*f. Let x = f - 742. What is the units digit of x?
3
Let l = -12429 - -18956. What is the thousands digit of l?
6
Let s(t) = -24 + 4*t - 2 + 11*t + 1. What is the units digit of s(20)?
5
Suppose -4*x + 16*x - 24 = 0. Let u be x/9 + (-30)/135. Suppose 10*w - 837 + 7 = u. What is the units digit of w?
3
Let u(r) = -11*r - 7*r + 14*r - 9*r - 14. Let p be u(-3). What is the units digit of 37 + (-5)/2*30/p?
4
Suppose -109433 = -36*s + 284587. What is the thousands digit of s?
0
Let r = 14093 + 823. What is the hundreds digit of r?
9
Suppose -2227161 = -186*k - 720747. What is the units digit of k?
9
Suppose -17*u - 121657 + 703645 = 5*u. What is the units digit of u?
4
Suppose 12105 + 3627 = 4*f - 7964. What is the tens digit of f?
2
Suppose 0*n - 5*n = -90. Suppose 329 - 4415 = -n*y. What is the tens digit of y?
2
Let p(r) = -1289*r**3 + 3*r**2 - 7*r - 8. Let u be p(-1). Suppose -4*m = -s - 5170, -m - 4*s = -5*s - u. What is the hundreds digit of m?
2
Let a(n) = 2*n**2 + 7*n - 12. Let y be a(-6). Suppose -4*b - g - 224 = 0, b + 47 = 2*g - y. Let d = -18 - b. What is the units digit of d?
9
Let m = 173 - -74. What is the units digit of 5 + (-5 - -6) + m?
3
Let i(h) = 2*h**3 + 8*h**2 + 12*h + 27. Let c be i(-3). Let j(l) = l**3 + 5*l**2 - 2*l**3 - 7*l + 5*l**2 + 9. What is the units digit of j(c)?
7
Let n = 36804 - 10734. What is the ten thousands digit of n?
2
Let n = 72084 - 37087. What is the tens digit of n?
9
Suppose 0 = 4*x - 12*x + 56. What is the units digit of 6544/112 + (-3)/x?
8
Let b(p) = -p**3 - 31*p**2 + 62*p + 37. Let a(s) = -2*s**2 - 3*s + 21. Let v be a(-6). What is the hundreds digit of b(v)?
1
Suppose -3*n = -2*n - 85. Let t = -1598 - -1501. Let x = n - t. What is the hundreds digit of x?
1
Let h = 38 + -36. Suppose -2*k = 2*g - 12, 3*g - 4*k - 16 = h*g. What is the units digit of 138/g*(-4)/8*-8?
9
Let x(c) = 39*c + 162. Let z be x(13). Suppose -z = -4*r - 4*t + 595, 5*r - 3*t = 1596. What is the hundreds digit of r?
3
Let p(v) = -5*v**3 + 8*v**2 - 63*v + 100. What is the thousands digit of p(-16)?
3
Let n(g) = -g**2 + 103*g - 1329. What is the thousands digit of n(61)?
1
Suppose 0 = 3*u - 37 + 7. Suppose u*k - t = 11*k - 183, -3*k + 5*t + 525 = 0. What is the tens digit of k?
8
Let o be (-8 - 28/(-4))*(-11)/(-1). What is the units digit of 36/(-6) + 0 - o?
5
Suppose -54*o + 583094 = -221*o + 2334757. What is the ten thousands digit of o?
1
Let d(y) = 760*y**2 + 266*y + 1536. What is the ten thousands digit of d(-6)?
2
Let d = -3028 - -17281. What is the ten thousands digit of d?
1
Let m(a) = -11318*a - 270. What is the units digit of m(-1)?
8
Suppose -16 = -4*a + 4. Let x = 23 + -25. What is the tens digit of x/5 - ((-162)/a + 1)?
3
Suppose 3*t = 3*y + 3, 2*y + 0*t - 13 = 5*t. What is the tens digit of (-3123)/y - 2/((-8)/6)?
2
Suppose -8*u + 97 = 57. Suppose u*z + 4*g - 1630 = 0, 11 - 6 = -g. What is the hundreds digit of z?
3
Let n(z) = 224*z**2 + 2*z + 8. Suppose 0 = -55*g + 60*g + 10. Let q be n(g). Suppose -6*f + q = -0*f. What is the hundreds digit of f?
1
Let s(y) = 3*y. Let n be s(-5). Let j(h) = 3*h**2 - 40*h - 13. Let c(z) = z**2 - 3*z + 1. Let d(q) = -4*c(q) + j(q). What is the hundreds digit of d(n)?
1
Suppose 3*b + 15 = -3*s, -7*b = -2*b - 3*s - 15. Suppose a - 31 + 34 = b. What is the hundreds digit of 134 + (1 + a)*3/(-6)?
1
Suppose 2*z + 2*r - 11116 = 0, 4*z - 38*r = -35*r + 22260. What is the tens digit of z?
6
Suppose -3244 = 3*s + 5*a, -3*s - 4*a - 1396 - 1852 = 0. Let t = s - -1767. What is the hundreds digit of t?
6
Let h = -358 + 233. Let i = h - -470. What is the hundreds digit of i?
3
Let r be 15/(-9)*54/(-15). Suppose -n = -r*n + 10. What is the units digit of 89 + (-1)/(-2)*n?
0
Suppose -2*n + 11168 = 2*m, 42*m - 5564 = -n + 46*m. What is the hundreds digit of n?
5
Suppose -3172*a + 341481 = -3103*a. What is the hundreds digit of a?
9
Let i(t) = 15*t**2 - 96*t + 62. What is the tens digit of i(28)?
3
Suppose 0 = -2*l + l - 2*p + 325, -l - 5*p = -325. What is the tens digit of (-2 + 1)*(-3)/3*l?
2
Let b(h) = 8*h**3 - 40*h**2 + 67*h - 13. What is the hundreds digit of b(9)?
1
Let g = -278 + 276. What is the hundreds digit of 834 - (-1 - g - -4)?
8
Let c be ((-20496)/(-9))/(-14)*15/(-4). What is the units digit of -2 + c + 2/1?
0
Suppose 10*d - 2352 = -2*d. Let v = -104 + d. Let w = -71 + v. What is the units digit of w?
1
Suppose -r = -2*z + 2, 0 = -5*z - r - 4*r + 20. Suppose 4*i + z = l + i, 2*i + 2 = l. What is the units digit of (-4 - -7) + 2 + l?
7
What is the units digit of (-40957)/(-2) - (-3)/(-2)?
7
What is the hundreds digit of -3 - ((-2424)/204 - -9) - (-1651452)/34?
5
Let n(j) = 2*j**3 + 3*j**2 + 3*j + 1. Let l be n(-1). What is the tens digit of (778 + 0 - l) + (53 - 50)?
8
Let f be 3 -